ime number?
False
Is 4111487 a composite number?
False
Is 441437413 composite?
True
Is 80759011 a composite number?
True
Is 6627823 a composite number?
True
Is 2261353 prime?
True
Is 4164967 a prime number?
True
Is 128556121 a composite number?
False
Is 296972213 prime?
True
Is 29779237 prime?
False
Is 92033 composite?
False
Is 21587803 a composite number?
True
Is 12753557 composite?
False
Is 35151073 composite?
True
Is 860963 composite?
True
Is 863647 a composite number?
True
Is 468672371 a prime number?
False
Is 3092169 a prime number?
False
Is 38888651 a composite number?
False
Is 18267679 a composite number?
False
Is 3261689 composite?
True
Is 4081657 a prime number?
True
Is 845311 prime?
False
Is 84055789 a prime number?
True
Is 74009967 prime?
False
Is 16786409 prime?
True
Is 12814091 a prime number?
False
Is 2374483 composite?
False
Is 11733983 prime?
True
Is 98607 composite?
True
Is 42170171 prime?
True
Is 14522621 a composite number?
False
Is 40258942 composite?
True
Is 82284161 prime?
True
Is 4714247 a prime number?
False
Is 11825741 a prime number?
True
Is 117071893 prime?
False
Is 71879135 composite?
True
Is 16427557 composite?
False
Is 210072061 prime?
True
Is 158711467 a prime number?
False
Is 244201577 composite?
False
Is 16195537 composite?
True
Is 5080849 composite?
False
Is 317903 prime?
True
Is 98361121 composite?
False
Is 39407722 a prime number?
False
Is 858801013 prime?
False
Is 48814709 a prime number?
False
Is 572916463 composite?
True
Is 11887699 a prime number?
True
Is 457873181 prime?
True
Is 11521187 a prime number?
True
Is 117468439 a prime number?
False
Is 60887087 a prime number?
True
Is 1325761 a composite number?
False
Is 2473837 composite?
False
Is 118862741 prime?
True
Is 131901431 a composite number?
False
Is 344153 composite?
False
Is 2244733 a prime number?
True
Is 8358731 prime?
True
Is 83987389 composite?
False
Is 53693869 prime?
True
Is 6127631 composite?
False
Is 2165357 a prime number?
True
Is 2627179 prime?
True
Is 14639749 a prime number?
True
Is 31304617 a composite number?
False
Is 132774427 a composite number?
True
Is 22170985 a prime number?
False
Is 86567141 a composite number?
False
Is 11661979 a prime number?
False
Is 32096993 a prime number?
True
Is 24357143 a prime number?
False
Is 1029233 a composite number?
True
Is 3752759 a prime number?
True
Is 3668681 a prime number?
False
Is 650985809 composite?
True
Is 4254227 composite?
False
Is 4501459 a composite number?
False
Is 607207 prime?
False
Is 214849 a composite number?
False
Is 27419219 a composite number?
False
Is 1372649 prime?
False
Is 54965899 prime?
False
Is 115075289 a prime number?
False
Is 757693 composite?
False
Is 2828417 composite?
True
Is 6585517 a prime number?
True
Is 13307111 a composite number?
True
Is 5335891 composite?
True
Is 1315909 a composite number?
True
Is 1710417 a prime number?
False
Is 32484691 prime?
True
Is 46931333 prime?
False
Is 33148733 a prime number?
False
Is 673637 prime?
True
Is 451823 prime?
True
Is 9791189 a composite number?
False
Is 96823273 a composite number?
False
Is 41746919 prime?
True
Is 28169971 composite?
False
Is 2365859 prime?
True
Is 2778653 prime?
False
Is 1814845 composite?
True
Is 27849881 a prime number?
True
Is 8418677 composite?
False
Is 3946511 prime?
True
Is 2836459 prime?
False
Is 13101749 prime?
True
Is 5473733 composite?
False
Is 50780363 prime?
False
Is 8611943 a prime number?
False
Is 240508067 prime?
True
Is 12841111 a composite number?
True
Is 129789371 composite?
True
Is 7628739 composite?
True
Is 6195113 a composite number?
False
Is 4659181 composite?
False
Is 681650183 composite?
False
Is 3529367 a prime number?
True
Is 18931127 composite?
False
Is 428503 a prime number?
True
Is 493804291 composite?
False
Is 1042493 composite?
True
Is 7166443 a composite number?
False
Is 289089649 composite?
True
Is 3982883 prime?
True
Is 4669411 composite?
False
Is 3957365 prime?
False
Is 5533123 a prime number?
False
Is 1189751 composite?
False
Is 20216629 a prime number?
False
Is 1013411 composite?
True
Is 70522631 a prime number?
False
Is 29152537 composite?
False
Is 1683949 a composite number?
False
Is 179792161 a prime number?
False
Is 7085987 composite?
True
Is 20407909 a composite number?
True
Is 52982647 a composite number?
False
Is 25140613 prime?
False
Is 17794739 a prime number?
True
Is 841439 a composite number?
True
Is 99253069 a composite number?
False
Is 7826303 prime?
True
Is 313446331 composite?
True
Is 9818009 composite?
False
Is 1604231 a prime number?
True
Is 1205219 composite?
False
Is 2242841 composite?
False
Is 5287343 prime?
True
Is 2494941 prime?
False
Is 214636399 a prime number?
True
Is 40439891 a prime number?
False
Is 24946931 composite?
True
Is 2194391 prime?
True
Is 122443 a prime number?
True
Is 74199551 composite?
True
Is 338671 composite?
True
Is 84189949 a composite number?
False
Is 63080891 prime?
True
Is 351891923 a composite number?
True
Is 224491 prime?
True
Is 747051 prime?
False
Is 2769029 a prime number?
False
Is 403181 prime?
True
Is 79486951 a composite number?
True
Is 96527507 composite?
False
Is 6720191 a composite number?
False
Is 7261351 composite?
True
Is 4414591 a prime number?
True
Is 8808879 a composite number?
True
Is 69190309 a composite number?
False
Is 4210121 prime?
True
Is 8793019 composite?
False
Is 87803819 composite?
False
Is 242018747 composite?
True
Is 230335151 a prime number?
True
Is 1443493 a prime number?
False
Is 490053043 a composite number?
True
Is 40702219 a composite number?
False
Is 290400941 a prime number?
False
Is 1574827 composite?
False
Is 1782408421 composite?
False
Is 20592203 prime?
False
Is 5175663 composite?
True
Is 1876841 prime?
True
Is 393685 a prime number?
False
Is 78048353 a prime number?
False
Is 434841679 prime?
False
Is 532510367 a prime number?
True
Is 22951891 composite?
False
Is 16672553 a composite number?
True
Is 81239053 a prime number?
False
Is 2409167 a prime number?
True
Is 1303537 composite?
False
Is 307561 a composite number?
True
Is 15177161 a prime number?
False
Is 9586361 a composite number?
False
Is 1305439 prime?
False
Is 230430217 a composite number?
False
Is 37741909 composite?
False
Is 44939221 composite?
False
Is 1461497 a composite number?
False
Is 11479931 a prime number?
True
Is 264968293 a prime number?
True
Is 14190799 prime?
False
Is 1963369 prime?
True
Is 211921 composite?
True
Is 7843331 a prime number?
True
Is 2917489 a prime number?
False
Is 1524799 prime?
True
Is 133344611 a composite number?
False
Is 49043837 a composite number?
False
Is 33360967 a prime number?
False
Is 15753391 a composite number?
False
Is 8304207 prime?
False
Is 654321491 prime?
True
Is 440716729 composite?
False
Is 2142589 a prime number?
False
Is 4481654 a prime number?
False
Is 22767077 prime?
True
Is 165641 prime?
False
Is 733856029 a composite number?
False
Is 20876403 a composite number?
True
Is 143990761 a composite number?
False
Is 35259619 composite?
True
Is 31351055 a composite number?
True
Is 7908911 a composite number?
False
Is 2069909 composite?
False
Is 14793041 a prime number?
True
Is 37222643 composite?
False
Is 838703 prime?
False
Is 1179701 a composite number?
True
Is 1585993 composite?
False
Is 74368291 prime?
True
Is 11865262 a composite number?
True
Is 92415893 prime?
False
Is 31881797 a prime number?
True
Is 43389161 composite?
False
Is 111306121 composite?
False
Is 134263699 composite?
True
Is 6288869 a composite number?
True
Is 4762793 a prime number?
False
Is 153638701 a composite number?
False
Is 23842303 a prime number?
True
Is 1596163 a composite number?
False
Is 508222643 composite?
False
Is 327612587 prime?
True
Is 134496583 a composite number?
True
Is 841537 a prime number?
False
Is 12364657 a composite number?
True
Is 242218951 a prime number?
False
Is 5895109 composite?
True
Is 335591 prime?
True
Is 1268021 composite?
True
Is 12689818 a composite number?
True
Is 10800677 a prime number?
True
Is 4345079 a prime number?
False
Is 7759079 a composite number?
False
Is 100049 a composite number?
False
Is 19839263 composite?
False
Is 27672431 a composite number?
False
Is 172044851 a prime number?
False
Is 30613043 a composite number?
False
Is 52237943 a composite